- 5*g = -25, 0 = 4*g - 7*g + 6. Let k(t) = -8*t - 3. Let c(n) = n**2 - 8*n - 3. Let d(x) = i*k(x) + 2*c(x). Give d(p).
13
Let t = 4131 - 4129. Let u(i) = -6*i - 7*i + 4*i + 3. Give u(t).
-15
Let o(z) = 12*z**2 - 11*z + 20. Let u be o(5). Let f be (24/10 + -2)/(106/u). Let w(h) = -31*h**3 - h**2 + 2*h - 1. Calculate w(f).
-31
Let f(x) = x**3 - 5*x**2 + 2. Let c(r) = r**2 + r + 1. Let o(g) = -c(g) + f(g). Suppose 2*l = -0 + 24. Suppose 7*u - 5*u = l. Give o(u).
-5
Let a(f) be the first derivative of -f**4/4 + 10*f**3/3 - 4*f**2 - 10*f - 2987. Let o(x) = -x**3 - 4*x**2 + 2*x - 6. Let c be o(-5). What is a(c)?
-1
Let t(c) = 19 - 7 + 4 + 16*c - 17*c. Let w(s) = -s**3 - s**2 + 17*s - 2. Let g be w(3). Calculate t(g).
3
Let t(w) = 3*w**2 + 14*w + 23. Let i be t(-2). Suppose -3*g - 4*y + 33 = -3*y, 2*g = -3*y + 29. Let h(r) = 11 + r - 4 - g. Determine h(i).
4
Let x(z) = -z**2 - 5*z - 1. Suppose -4*q = -o - 52, -4*q - 5*o + 114 = 38. Suppose 15*g + 31 = -q. What is x(g)?
5
Let c(h) = -h - 50. Let g(x) = 6*x - 29. Let z(r) = -c(r) + g(r). Give z(-2).
7
Let n(o) = -o**3 - o**2 - o - 2. Let a(k) = k**3 + 27*k**2 + 159*k - 25. Let m be a(-9). Determine n(m).
-16
Let n(s) be the second derivative of -9*s**3/2 + 12*s + 23. Calculate n(2).
-54
Let s(m) be the first derivative of m**4/4 + 8*m**3 + 23*m**2/2 + 37*m - 7120. Give s(-23).
37
Let n(z) = -20. Let m(c) = -13*c + 147. Let g(t) = -m(t) - 3*n(t). Determine g(6).
-9
Let h(c) = 2*c**3 - 4*c**2 + 2*c. Let y be h(2). Suppose -48*d - 3*w = -45*d - 12, 5*d + 3*w = 26. Let b = d - y. Let v(u) = -u + 3. Calculate v(b).
0
Let i(u) = -u**2 + 20*u + 97. Let m be i(-4). Let c(q) = -13*q**2 + 19*q - 4. Determine c(m).
2
Let b(o) = -3*o - 8. Let q(r) = -r**2 - 5*r - 3. Let d be q(-3). Let p be (-12)/(-20)*5 - d. Suppose p = -7*f + 8*f + 6. Give b(f).
10
Let p(g) = g - 87 + 4*g**2 + 87 + 29*g**2. Let z(v) = -v**3 + 5*v**2 - 4*v - 3. Let b be z(2). Give p(b).
34
Let y(k) = -7*k + 26. Let x(u) = 12*u - 48. Let q(r) = -4*x(r) - 7*y(r). What is q(4)?
14
Suppose 200 - 74 = 14*p. Suppose -7*m - p = -10*m. Let k(z) = 9*z**2 + 6*z**3 + 9*z - 8 + 8*z**3 - 2*z**2 - 15*z**m. What is k(8)?
0
Let f(x) = x**3 - x**2 + 2*x - 3. Let q = 42 - 38. Let m(z) = -z**3 + 5*z**2 - 2*z - 6. Let g be m(q). Suppose p - 4*r + 4 = -2*r, 0 = p + g*r - 8. Give f(p).
5
Let w = -26 - -25. Let n(g) be the third derivative of 2*g**2 + 0*g + 1/24*g**4 + 0 + 0*g**3. What is n(w)?
-1
Let p be -1*(6 - (2 - 1)). Let z = -740 - -750. Let d(g) = g - 10 - 1 + z + g**2 - 5. What is d(p)?
14
Suppose 36*f = -30*f + 154 - 22. Let c(a) be the second derivative of 4/3*a**3 - 24*a + 0 + 3/2*a**f. Determine c(-3).
-21
Let a = -11921 - -11916. Let c(p) = -p**3 - p**2 + 16*p - 3. Determine c(a).
17
Let z = 84 - 51. Suppose 3*a + 2*h - 1 = h, 5*h = 4*a - z. Suppose a*o - 26 = -16. Let p(j) = j - 10. Give p(o).
-5
Suppose 0*y - 2*y = -60. Suppose -93*k + 98*k - y = 0. Let g(i) = -k + i + 4 - 2*i. Calculate g(-4).
2
Suppose 0 = 16*t - 18*t + 52. Suppose 3*a - b + 19 = 0, a + 2*b = 5*a + t. Let q(l) = l + 12. Give q(a).
6
Suppose -19 = 9*a + 4*u, -8*a + 9*a - 5*u = 36. Let x(i) = 49*i**2 + i. What is x(a)?
50
Let z(r) = 3*r**2 - 2 - 4*r**2 + 2*r**2. Suppose 3*o + 2*l - 251 = 0, -2*o = 7*l - 3*l - 178. Suppose -o*j + 66*j = -60. Calculate z(j).
14
Let y(o) be the first derivative of o**3/3 + 3*o**2 + 4*o + 585. Calculate y(-7).
11
Suppose -d - 6*d = -14. Let c(g) = d*g**2 - 623*g + 623*g + 1. Let v(l) = -l + 4. Let r be v(6). Give c(r).
9
Let s(a) be the third derivative of a**4/24 + 25*a**3/6 - 5*a**2 + 210. Calculate s(-18).
7
Let v(x) be the second derivative of 2*x**3/3 - x**2 - 89664*x. Suppose -u - 6 = o + 4*u, 0 = -5*o + 4*u + 28. Determine v(o).
14
Let w(t) = -71*t + 650. Let n be w(9). Let d(z) = -z + 38. Give d(n).
27
Let a be (-63)/11 + (-117)/429. Let w(j) = -j**3 - 5*j**2 + 2*j. Calculate w(a).
24
Let n(v) = 367*v - 75. Let a(t) = 153*t - 30. Let b(q) = 12*a(q) - 5*n(q). Determine b(9).
24
Let l(v) be the first derivative of 23*v**4/4 + v**2/2 - 2*v - 2. Suppose -1652*m - 5*c + 6 = -1651*m, 2*m + c = 3. Determine l(m).
22
Suppose -4*i + 10 = -h - 2*h, -2*h - 8 = -4*i. Let z(b) = -1018 + 6*b - 1015 - 1016 + 3048. Determine z(i).
5
Let f(m) be the first derivative of -m**7/840 + m**6/60 - m**5/120 - m**4/3 - m**3 + 3*m**2 - 8. Let c(q) be the third derivative of f(q). Determine c(6).
-14
Let l be (7/2)/((-1)/(-2)). Let k(d) = 1 - l*d + 6*d + 5. Let q(m) = -6*m + 130. Let j be q(23). Give k(j).
14
Suppose -5*y + 230 = -5*v, -4*y - 2*v - 239 = -9*y. Let w(d) = -3*d + y*d**2 - 1 + 51*d**2 - 101*d**2. Calculate w(-6).
-19
Let g(q) be the first derivative of -q**4/4 + 2*q**3 - 7*q**2/2 + 6*q + 1439. What is g(5)?
-4
Let x be (3*6/(-54))/(2/(-54)). Suppose -54 = -0*h - x*h. Let z(a) = 281 - 136 + a**2 - 5*a - 141. Calculate z(h).
10
Let k(c) be the third derivative of c**5/15 - 4*c**3/3 + 4144*c**2. Calculate k(5).
92
Let v(y) = 27*y + 36. Let q(k) = -30*k - 35. Let j(d) = -4*q(d) - 5*v(d). Calculate j(-3).
5
Let g(p) = p + 6. Suppose 0 = 9*m - 15*m + 1866. Let h = -306 + m. What is g(h)?
11
Suppose 3*m + 5*y - 6 = 0, 0 = -0*m + 4*m + 5*y - 8. Let b(s) = s**3 + 5*s**m - 396 - s + 395 - 4*s. Suppose 7 = -2*k - 5. Give b(k).
-7
Let x(c) be the second derivative of -c**5/20 + c**4/2 + 7*c**3/6 + 4*c**2 - 2*c - 3565. Determine x(7).
8
Let z(b) = 12 - 21 + 14 + 4 + 10*b + 9. Give z(-9).
-72
Let p(m) = 2*m - 10. Let y(l) = 2*l**2 - 3*l. Let b be y(4). Let o(n) = -5*n - n**2 + 15*n + 11*n - 13. Let h be o(b). Calculate p(h).
4
Let n(f) = 3*f**3 + 6*f**2 + 8*f - 9. Let l(r) = -10*r**3 - 18*r**2 - 26*r + 28. Let y(p) = -2*l(p) - 7*n(p). Give y(-5).
2
Let n(x) = 101*x - 30. Let r(t) = 987*t - 300. Let f(m) = 39*n(m) - 4*r(m). Give f(-12).
138
Let i be ((-8)/(-20))/(2/(-10)) + 4. Suppose 49 = -i*j + 41. Let b(s) = -4*s - 3*s + 3*s + s. What is b(j)?
12
Suppose 34*w - 616 = 812. Let r be w/(-48)*2 - 1/4. Let q(s) = 4*s**3 + 3*s**2 + 3*s + 1. Calculate q(r).
-25
Let i(c) = -9*c - 8. Suppose q = -681*u + 680*u + 5, -q = -5*u + 7. Determine i(q).
-35
Let z(i) = 7*i + 2733*i**2 - 57 - 1372*i**2 + i**3 - 1368*i**2. Calculate z(7).
-8
Let p(q) = 7*q - 1. Let n(j) = 3*j. Let w = -225 + 227. Let o(d) = w*p(d) - 5*n(d). What is o(-5)?
3
Let j = 50 - 28. Suppose -j*f + 24 = 2. Let y(l) be the third derivative of 5*l**4/24 + l**3/6 - l**2. Determine y(f).
6
Let x(p) = -11*p + 4. Let b(q) = 11*q - 4. Let t(u) = -4*b(u) - 5*x(u). Let a(l) = 24*l - 9. Let j(f) = -6*a(f) + 13*t(f). Suppose 0 = -3*m + 2*m. What is j(m)?
2
Let t be 132/28 + (12/(-21))/(-2). Suppose -t*h + k = -16, 3*k = -4*h + 3*h. Let d(x) = 1 - h*x**2 - x**3 + x**2 - 2 + 2. Determine d(2).
-15
Let z(i) = 19*i**2 + 134*i - 9. Let m(y) = 6*y**2 + 43*y - 3. Let o(x) = 25*m(x) - 8*z(x). Let u be (-1)/3 - 7/(-3). Give o(u).
-5
Let y be (-18)/2*(-9)/(-135)*15. Let r(v) = -v**3 + v**2 + 91*v + 13. What is r(y)?
4
Let g(f) be the second derivative of -f**3/6 + 7*f**2/2 + f. Let w be ((-8)/(-6))/((-3)/(-378)). Let v = -164 + w. What is g(v)?
3
Let y(w) = 48*w - 156*w + 50*w - 35 - 100*w + 16*w**2 - 6*w**2. Determine y(16).
-3
Let l = -4698 + 4695. Let i(f) = -3*f**3 + f**2 + f - 2. Give i(l).
85
Let z(c) = -3*c - 10. Suppose -42*u + 43*u = 133. Let l = 125 - u. What is z(l)?
14
Let a be (15318/2160)/(-37) + 2/10. Let p(b) be the third derivative of 0*b - 9*b**2 + 0 - 4/3*b**3 + 1/24*b**4 + 1/10*b**5 - a*b**6. Calculate p(6).
-2
Let w(s) be the first derivative of 2*s**3 + 1/4*s**4 + 7*s - 129 + s**2. Let c = -22 - -16. Calculate w(c).
-5
Let z be (-175)/(-30) - ((-2)/(-5) - 272/480). Let d(r) = r**2 - 3*r + 14. Determine d(z).
32
Suppose -2*s + 24 = -s + 5*d, 2*s = -d + 12. Let x(r) = -2*r**2 - 9*r - 10. Let h(p) = 5*p**2 + 25*p + 30. Let a(u) = 3*h(u) + 8*x(u). What is a(s)?
6
Let p(a) = a**3 + 3*a**2 + 3*a + 13. Let b(h) = -h**2 - 56*h + 236. Let l be b(4). Determine p(l).
-15
Let n = 24897 + -24887. Let f(m) = -7*m + 64. What is f(n)?
-6
Let l(h) be the first derivative of -h**2/2 + 165. Suppose -x = 2*o, 5*x = 21*o - 20*o + 44. Calculate l(x).
-8
Let r be 12/(-4) - (2 - 7). Suppose 2*p - 68 = r. Suppose 0 = -7*t + p + 7. Let q(i) = 2*i. What is q(t)?
12
Let s(u) = 2*u**3 + 50*u**2 + 3*u + 47. Let p(q) = 3*q**3 + 50*q**2 + 4*q + 5